{"id":2,"date":"2009-06-16T17:23:46","date_gmt":"2009-06-16T13:23:46","guid":{"rendered":"http:\/\/turismefacil.org\/?page_id=2"},"modified":"2024-09-03T16:56:39","modified_gmt":"2024-09-03T15:56:39","slug":"about","status":"publish","type":"page","link":"https:\/\/www.turismefacil.org\/?page_id=2","title":{"rendered":"Qui som!!!"},"content":{"rendered":"<table width=\"70%\">\n<tbody>\n<tr>\n<td><a href=\"https:\/\/farm9.staticflickr.com\/8640\/15775627307_c27d3b7134_b.jpg\"><img decoding=\"async\" class=\" \" title=\"S\u00edlvia Jan\u00e9\" src=\"https:\/\/farm9.staticflickr.com\/8640\/15775627307_04bce73178_c.jpg\" alt=\"\" width=\"80%\" height=\"80%\" \/><\/a><\/td>\n<\/tr>\n<\/tbody>\n<\/table>\n<table>\n<tbody>\n<tr>\n<td>Hola. S\u00f2c la Silvia, tinc 56 anys, s\u00f3c de Barcelona, estic casada amb el Josep i he treballat durant 16 anys en un centre oficial. Tinc una malaltia poc comuna, <em>L&#8217;Osteog\u00e8nesi Imperfecta<\/em> o malaltia dels ossos de vidre. Es poc comuna ja que nom\u00e9s afecta un de cada 20.000 naixements aproximadament. Es calcula que a Catalunya hi han uns 250 afectats.\u00c9s permanent i no te cura, per\u00f2 actualment existeixen tractaments per a millorar-la i s&#8217;estan fent molt estudis per trobar medicaments m\u00e9s eficients. Es pot heretar o be produir-se espont\u00e0niament, com \u00e9s el meu cas; dins la meva fam\u00edlia no hi ha antecedents, per\u00f2 jo si que la puc transmetre. La principal caracter\u00edstica \u00e9s la fragilitat dels ossos, que tenen un <em>defecte de fabricaci\u00f3<\/em> en el seu col.l\u00e0gen, una &#8220;errada gen\u00e8tica&#8221; que fa que siguin molt prims i que es trenquin amb molta facilitat. Apart, es torcen i no creixen. Desde l&#8217;any 2004 ja no treballo perque la malaltia ha empitjorat el meu estat de salut ja que tinc dolor d&#8217;esquena. Per qu\u00e8? doncs perqu\u00e8 els meus ossos s&#8217;han desgastat, les meves v\u00e8rtebres s&#8217;han aixafat i aix\u00f2 fa que tingui dolor. He de combinar estones d&#8217;activitat i de descans.<\/p>\n<p>Aquest bloc va ser creat l&#8217;any 2002 amb la idea de compartir rutes i sortides per Catalunya sense o amb les m\u00ednimes barreres arquitect\u00f2niques. L&#8217;any que v\u00e0rem comen\u00e7ar \u00e9rem poquetes les persones que ens dedic\u00e0vem a publicar aquesta mena d&#8217;informaci\u00f3. Ara, per sort, amb la facilitat que dona Internet \u00e9s molt m\u00e9s f\u00e0cil trobar-ne.<\/p>\n<h4>&#8220;CLASSIFICACI\u00d3\u201c DE L&#8217;OSTEOG\u00c8NESI IMPERFECTA<\/h4>\n<p>L&#8217;Osteog\u00e8nesi Imperfecta (OI) est\u00e0\u00a0 classificada en 4 graus d&#8217;afectaci\u00f3, per\u00f2 hi ha persones que no acaben d&#8217;encaixar en cap dels quatre. Les difer\u00e8ncies i els efectes secundaris entre uns i d&#8217;altres s\u00f3n abismals, i fa que persones que tenen la mateixa malaltia no s&#8217;assemblin gens o s&#8217;assemblin molt. Hi ha qui nom\u00e9s s&#8217;ha trencat dos o tres cops algun os i porta una vida totalment normal fins qui neix ja mort degut a les fractures que se li originen dins de l&#8217;\u00fater de la mare. Hi ha qui pateix fractures tota la vida (poden arribar a ser-ne m\u00e9s de 200) i hi ha qui les pateix durant la inf\u00e0ncia per\u00f2 a partir de la pubertat hi ha un canvi important (com \u00e9s el meu cas). Fins als 14 anys vaig tenir aproximadament unes 25 fractures, principalment de les t\u00edbies d&#8217;ambdues cames, encara que tamb\u00e9 m&#8217;he trencat el maluc i alguna costella. A partir d&#8217;aquesta edat vaig deixar de tenir fractures (\u00e9s un canvi que acostuma a succeir en els estats lleus o moderats per\u00f2 dif\u00edcilment en els greus). De totes formes, les complicacions i lesions que deixen fa que molts afectats puguin caminar poquet o gens (jo no camino i per despla\u00e7ar-me cada dia faig servir una cadira de rodes). Els ossos s&#8217;han de corregir amb cirurgia i ortop\u00e8dia perqu\u00e8 es torcen, es desvien i s&#8217;han de protegir dels cops amb f\u00e8rules. D&#8217;altres efectes secundaris (molt diferents sempre segons el grau) s\u00f3n l&#8217;escoliosi de la columna vertebral, la sordera (jo no en tinc), la dentinog\u00e8nesi imperfecta (a les dents els hi passa el mateix que als ossos i tamb\u00e9 son d\u00e8bils), la curta estatura (jo medeixo prop dels 120 cm. per\u00f2 hi ha qui nom\u00e9s fa 80 cm, aut\u00e8ntiques persones diminutes), el to de veu agut, la cara en forma triangular (jo no hi la tinc gaire), i les complicacions respirat\u00f2ries degut al poc creixement (hi ha persones tan petites que els \u00f2rgans interns quasi no tenen lloc). Un altre s\u00edmptoma es la laxitud de lligaments (de petits, els nens amb OI s\u00f3n molt \u00e0gils i es dobleguen com aut\u00e8ntics contorsionistes). Amb el pas dels anys aquesta flexibilitat baixa molt d&#8217;intensitat.<br \/>\nFins fa poc no existien medicacions adients, per\u00f2 actualment s&#8217;apliquen tractaments amb bifosfonats intravenosos, el Pamidronat i el Zolendronat, i d&#8217;altres com el Prolia que donen resultats francament esperan\u00e7adors. A Barcelona tamb\u00e9 hi ha unes quantes persones com jo mateixa en tractament.<\/td>\n<\/tr>\n<\/tbody>\n<\/table>\n","protected":false},"excerpt":{"rendered":"<p>Hola. S\u00f2c la Silvia, tinc 56 anys, s\u00f3c de Barcelona, estic casada amb el Josep i he treballat durant 16 anys en un centre oficial. Tinc una malaltia poc comuna, L&#8217;Osteog\u00e8nesi Imperfecta o malaltia dels ossos de vidre. Es poc comuna ja que nom\u00e9s afecta un de cada 20.000 naixements aproximadament. Es calcula que a [&hellip;]<\/p>\n","protected":false},"author":6,"featured_media":0,"parent":0,"menu_order":0,"comment_status":"closed","ping_status":"open","template":"","meta":{"footnotes":""},"class_list":["post-2","page","type-page","status-publish","hentry"],"_links":{"self":[{"href":"https:\/\/www.turismefacil.org\/index.php?rest_route=\/wp\/v2\/pages\/2","targetHints":{"allow":["GET"]}}],"collection":[{"href":"https:\/\/www.turismefacil.org\/index.php?rest_route=\/wp\/v2\/pages"}],"about":[{"href":"https:\/\/www.turismefacil.org\/index.php?rest_route=\/wp\/v2\/types\/page"}],"author":[{"embeddable":true,"href":"https:\/\/www.turismefacil.org\/index.php?rest_route=\/wp\/v2\/users\/6"}],"replies":[{"embeddable":true,"href":"https:\/\/www.turismefacil.org\/index.php?rest_route=%2Fwp%2Fv2%2Fcomments&post=2"}],"version-history":[{"count":51,"href":"https:\/\/www.turismefacil.org\/index.php?rest_route=\/wp\/v2\/pages\/2\/revisions"}],"predecessor-version":[{"id":18219,"href":"https:\/\/www.turismefacil.org\/index.php?rest_route=\/wp\/v2\/pages\/2\/revisions\/18219"}],"wp:attachment":[{"href":"https:\/\/www.turismefacil.org\/index.php?rest_route=%2Fwp%2Fv2%2Fmedia&parent=2"}],"curies":[{"name":"wp","href":"https:\/\/api.w.org\/{rel}","templated":true}]}}

<table width="70%">
<tbody>
<tr>
<td><a href="https://farm9.staticflickr.com/8640/15775627307_c27d3b7134_b.jpg"><img decoding="async" class=" " title="Sílvia Jané" src="https://farm9.staticflickr.com/8640/15775627307_04bce73178_c.jpg" alt="" width="80%" height="80%" /></a></td>
</tr>
</tbody>
</table>
<table>
<tbody>
<tr>
<td>Hola. Sòc la Silvia, tinc 56 anys, sóc de Barcelona, estic casada amb el Josep i he treballat durant 16 anys en un centre oficial. Tinc una malaltia poc comuna, <em>L&#8217;Osteogènesi Imperfecta</em> o malaltia dels ossos de vidre. Es poc comuna ja que només afecta un de cada 20.000 naixements aproximadament. Es calcula que a Catalunya hi han uns 250 afectats.És permanent i no te cura, però actualment existeixen tractaments per a millorar-la i s&#8217;estan fent molt estudis per trobar medicaments més eficients. Es pot heretar o be produir-se espontàniament, com és el meu cas; dins la meva família no hi ha antecedents, però jo si que la puc transmetre. La principal característica és la fragilitat dels ossos, que tenen un <em>defecte de fabricació</em> en el seu col.làgen, una &#8220;errada genètica&#8221; que fa que siguin molt prims i que es trenquin amb molta facilitat. Apart, es torcen i no creixen. Desde l&#8217;any 2004 ja no treballo perque la malaltia ha empitjorat el meu estat de salut ja que tinc dolor d&#8217;esquena. Per què? doncs perquè els meus ossos s&#8217;han desgastat, les meves vèrtebres s&#8217;han aixafat i això fa que tingui dolor. He de combinar estones d&#8217;activitat i de descans.</p>
<p>Aquest bloc va ser creat l&#8217;any 2002 amb la idea de compartir rutes i sortides per Catalunya sense o amb les mínimes barreres arquitectòniques. L&#8217;any que vàrem començar érem poquetes les persones que ens dedicàvem a publicar aquesta mena d&#8217;informació. Ara, per sort, amb la facilitat que dona Internet és molt més fàcil trobar-ne.</p>
<h4>&#8220;CLASSIFICACIÓ“ DE L&#8217;OSTEOGÈNESI IMPERFECTA</h4>
<p>L&#8217;Osteogènesi Imperfecta (OI) està  classificada en 4 graus d&#8217;afectació, però hi ha persones que no acaben d&#8217;encaixar en cap dels quatre. Les diferències i els efectes secundaris entre uns i d&#8217;altres són abismals, i fa que persones que tenen la mateixa malaltia no s&#8217;assemblin gens o s&#8217;assemblin molt. Hi ha qui només s&#8217;ha trencat dos o tres cops algun os i porta una vida totalment normal fins qui neix ja mort degut a les fractures que se li originen dins de l&#8217;úter de la mare. Hi ha qui pateix fractures tota la vida (poden arribar a ser-ne més de 200) i hi ha qui les pateix durant la infància però a partir de la pubertat hi ha un canvi important (com és el meu cas). Fins als 14 anys vaig tenir aproximadament unes 25 fractures, principalment de les tíbies d&#8217;ambdues cames, encara que també m&#8217;he trencat el maluc i alguna costella. A partir d&#8217;aquesta edat vaig deixar de tenir fractures (és un canvi que acostuma a succeir en els estats lleus o moderats però difícilment en els greus). De totes formes, les complicacions i lesions que deixen fa que molts afectats puguin caminar poquet o gens (jo no camino i per desplaçar-me cada dia faig servir una cadira de rodes). Els ossos s&#8217;han de corregir amb cirurgia i ortopèdia perquè es torcen, es desvien i s&#8217;han de protegir dels cops amb fèrules. D&#8217;altres efectes secundaris (molt diferents sempre segons el grau) són l&#8217;escoliosi de la columna vertebral, la sordera (jo no en tinc), la dentinogènesi imperfecta (a les dents els hi passa el mateix que als ossos i també son dèbils), la curta estatura (jo medeixo prop dels 120 cm. però hi ha qui només fa 80 cm, autèntiques persones diminutes), el to de veu agut, la cara en forma triangular (jo no hi la tinc gaire), i les complicacions respiratòries degut al poc creixement (hi ha persones tan petites que els òrgans interns quasi no tenen lloc). Un altre símptoma es la laxitud de lligaments (de petits, els nens amb OI són molt àgils i es dobleguen com autèntics contorsionistes). Amb el pas dels anys aquesta flexibilitat baixa molt d&#8217;intensitat.<br />
Fins fa poc no existien medicacions adients, però actualment s&#8217;apliquen tractaments amb bifosfonats intravenosos, el Pamidronat i el Zolendronat, i d&#8217;altres com el Prolia que donen resultats francament esperançadors. A Barcelona també hi ha unes quantes persones com jo mateixa en tractament.</td>
</tr>
</tbody>
</table>

<p>Hola. Sòc la Silvia, tinc 56 anys, sóc de Barcelona, estic casada amb el Josep i he treballat durant 16 anys en un centre oficial. Tinc una malaltia poc comuna, L&#8217;Osteogènesi Imperfecta o malaltia dels ossos de vidre. Es poc comuna ja que només afecta un de cada 20.000 naixements aproximadament. Es calcula que a [&hellip;]</p>
